{"id":174,"date":"2013-09-13T15:37:35","date_gmt":"2013-09-13T14:37:35","guid":{"rendered":"http:\/\/www.urban-architecture.com\/?post_type=jetpack-portfolio&#038;p=174"},"modified":"2015-10-23T14:55:12","modified_gmt":"2015-10-23T13:55:12","slug":"wohnen-an-der-alten-landebahn","status":"publish","type":"jetpack-portfolio","link":"https:\/\/www.urban-architecture.com\/?portfolio=wohnen-an-der-alten-landebahn","title":{"rendered":"Wohnen an der alten Landebahn W\u00fcrzburg"},"content":{"rendered":"<div id=\"attachment_237\" style=\"width: 2035px\" class=\"wp-caption alignnone\"><img data-recalc-dims=\"1\" loading=\"lazy\" decoding=\"async\" aria-describedby=\"caption-attachment-237\" class=\"wp-image-237 size-full\" src=\"https:\/\/i0.wp.com\/www.urban-architecture.com\/wp-content\/uploads\/2015\/07\/alw_130930_veroeffentlichung_1.jpg?resize=700%2C311&#038;ssl=1\" alt=\"alw_130930_veroeffentlichung_1\" width=\"700\" height=\"311\" srcset=\"https:\/\/i0.wp.com\/www.urban-architecture.com\/wp-content\/uploads\/2015\/07\/alw_130930_veroeffentlichung_1.jpg?w=2025&amp;ssl=1 2025w, https:\/\/i0.wp.com\/www.urban-architecture.com\/wp-content\/uploads\/2015\/07\/alw_130930_veroeffentlichung_1.jpg?resize=300%2C133&amp;ssl=1 300w, https:\/\/i0.wp.com\/www.urban-architecture.com\/wp-content\/uploads\/2015\/07\/alw_130930_veroeffentlichung_1.jpg?resize=1024%2C455&amp;ssl=1 1024w, https:\/\/i0.wp.com\/www.urban-architecture.com\/wp-content\/uploads\/2015\/07\/alw_130930_veroeffentlichung_1.jpg?w=1400&amp;ssl=1 1400w\" sizes=\"auto, (max-width: 700px) 100vw, 700px\" \/><p id=\"caption-attachment-237\" class=\"wp-caption-text\">Beziehung zum Park<\/p><\/div>\n<p>Das &#8216;Wohnschiff&#8217; weicht klar vom st\u00e4dtebaulichen Rahmenplan ab und bietet durch die Setzung r\u00e4umlicher Kanten und unterschiedlicher H\u00f6henniveaus verschiedene Grade von \u00d6ffentlichkeit an. Der \u00f6ffentliche Platz dient den Bewohnerinnen und Bewohnern des Schiffes wie auch des n\u00f6rdlichen Quartiers als Ort des Ankommens auf dem Weg von der Stra\u00dfenbahn nach Hause. Der Platz wird zur einladenden Adresse des gesamten Quartiers und erm\u00f6glicht durch die Programmierung mit Kinderspielplatz, K_indoor-Raum und Gemeinschaftsraum eine vielf\u00e4ltige Nutzung u\u0308ber den Tagesverlauf.<\/p>\n<p>Der Entwurf nutzt die topographische Situation auf dem Hubland nicht nur zur Ausbildung unterschiedlicher Decks mit verschiedenen \u00d6ffentlichkeitsgraden. Die Eingangsgeschosse zur Begegnungszone sind nicht als Vollgeschosse ausgebildet, sind aber auch nicht als Kellergeschoss fu\u0308r die Bewohner des Wohnschiffes erlebbar. Auf die ganze L\u00e4nge des Projektgebietes gesehen bleibt der n\u00f6rdliche Riegel bei einer mittleren H\u00f6he von 13m als Fu\u00dfbodenoberkante des fu\u0308nften Geschosses und damit in der Geb\u00e4udeklasse IV.<\/p>\n<p>Das neue Wohnschiff nutzt die Lagequalit\u00e4t im Hubland, die N\u00e4he zu den sozialen Einrichtungen fu\u0308r Kinder und Jugendliche, um die \u201eQualit\u00e4ten einer urbanen, funktional und sozial gemischten Umgebung\u201c fu\u0308r ein Leben und Arbeiten in einem st\u00e4dtischen Quartier mit differenzierten Wohnformen zu erm\u00f6glichen (L\u00e4pple, D.: Das Internet und die Stadt \u2013 Virtualisierung st\u00e4dtischer Arbeits- und Lebensverh\u00e4ltnisse? In Siebel, W. (Hg.) (2004): Die europ\u00e4ische Stadt). Der Idee der Wiener Sargfabrik folgend soll das Wohnschiff ein Ort sozialer Inklusion werden, verschiedene Wohn- und Arbeitsformen erm\u00f6glichen, aber auch seinen Beitrag zu einem st\u00e4dtischen Leben leisten. Die Gemeinschaftseinrichtungen vom K_indoor-Spielraum u\u0308ber die Gemeinschaftsku\u0308che, Anwohnersauna und Fitnessstudio wie auch die Radwerkstatt sollen programmatische Bezu\u0308ge schaffen und zu einem Identifikationspunkt im Quartier werden.<\/p>\n<p>Da der Freiraumbezug eine essentielle Qualit\u00e4t des Ortes ist, bekommt jede Wohnung ihr \u201eZimmer im Freien\u201c, ob Loggia, Balkon, Dachterrasse oder einen kleinen Su\u0308dgarten auf dem Parkdeck. Dieser Garten dient als Ausgleich zum fehlenden direkten Blick auf den Park der Landesgartenschau. Um in den Wohnungsgr\u00f6\u00dfen flexibel reagieren zu k\u00f6nnen, wird eine Mischung aus Loggien und Balkonen angeboten, die die Stringenz der Su\u0308dfassade auflockern.<\/p>\n<p>Dimensionen, Spannweiten und der in der Auslobung angedachte Energiestandard legen die Wahl von Holz als nachhaltigem Baustoff nahe. Verschiedene Konstruktionsm\u00f6glichkeiten k\u00f6nnen in einer weiteren Entwurfsbearbeitung spezifisch eingesetzt werden. Die Kompaktheit der Geb\u00e4ude und das ganze Bauvolumen des Wohnschiffes erlauben es einerseits, eine \u00f6konomische wie \u00f6kologische Haustechnik einzusetzen, aber auch h\u00f6herwertigere und damit nachhaltigere Materialen einzusetzen<\/p>\n<p>Unser Vorschlag wurde von dem Preisgericht mit einer Anerkennung ausgezeichnet.<\/p>\n<div id=\"attachment_238\" style=\"width: 1809px\" class=\"wp-caption alignnone\"><img data-recalc-dims=\"1\" loading=\"lazy\" decoding=\"async\" aria-describedby=\"caption-attachment-238\" class=\"wp-image-238 size-full\" src=\"https:\/\/i0.wp.com\/www.urban-architecture.com\/wp-content\/uploads\/2015\/07\/alw_130930_veroeffentlichung_2.jpg?resize=700%2C350&#038;ssl=1\" alt=\"alw_130930_veroeffentlichung_2\" width=\"700\" height=\"350\" srcset=\"https:\/\/i0.wp.com\/www.urban-architecture.com\/wp-content\/uploads\/2015\/07\/alw_130930_veroeffentlichung_2.jpg?w=1799&amp;ssl=1 1799w, https:\/\/i0.wp.com\/www.urban-architecture.com\/wp-content\/uploads\/2015\/07\/alw_130930_veroeffentlichung_2.jpg?resize=300%2C150&amp;ssl=1 300w, https:\/\/i0.wp.com\/www.urban-architecture.com\/wp-content\/uploads\/2015\/07\/alw_130930_veroeffentlichung_2.jpg?resize=1024%2C512&amp;ssl=1 1024w, https:\/\/i0.wp.com\/www.urban-architecture.com\/wp-content\/uploads\/2015\/07\/alw_130930_veroeffentlichung_2.jpg?w=1400&amp;ssl=1 1400w\" sizes=\"auto, (max-width: 700px) 100vw, 700px\" \/><p id=\"caption-attachment-238\" class=\"wp-caption-text\">Lageplan<\/p><\/div>\n<div id=\"attachment_239\" style=\"width: 1210px\" class=\"wp-caption alignnone\"><img data-recalc-dims=\"1\" loading=\"lazy\" decoding=\"async\" aria-describedby=\"caption-attachment-239\" class=\"wp-image-239 size-full\" src=\"https:\/\/i0.wp.com\/www.urban-architecture.com\/wp-content\/uploads\/2015\/07\/alw_130930_veroeffentlichung_3.jpg?resize=700%2C525&#038;ssl=1\" alt=\"alw_130930_veroeffentlichung_3\" width=\"700\" height=\"525\" srcset=\"https:\/\/i0.wp.com\/www.urban-architecture.com\/wp-content\/uploads\/2015\/07\/alw_130930_veroeffentlichung_3.jpg?w=1200&amp;ssl=1 1200w, https:\/\/i0.wp.com\/www.urban-architecture.com\/wp-content\/uploads\/2015\/07\/alw_130930_veroeffentlichung_3.jpg?resize=300%2C225&amp;ssl=1 300w, https:\/\/i0.wp.com\/www.urban-architecture.com\/wp-content\/uploads\/2015\/07\/alw_130930_veroeffentlichung_3.jpg?resize=1024%2C768&amp;ssl=1 1024w\" sizes=\"auto, (max-width: 700px) 100vw, 700px\" \/><p id=\"caption-attachment-239\" class=\"wp-caption-text\">Detail Wohnen<\/p><\/div>\n<div id=\"attachment_240\" style=\"width: 2035px\" class=\"wp-caption alignnone\"><img data-recalc-dims=\"1\" loading=\"lazy\" decoding=\"async\" aria-describedby=\"caption-attachment-240\" class=\"wp-image-240 size-full\" src=\"https:\/\/i0.wp.com\/www.urban-architecture.com\/wp-content\/uploads\/2015\/07\/alw_130930_veroeffentlichung_4.jpg?resize=700%2C311&#038;ssl=1\" alt=\"alw_130930_veroeffentlichung_4\" width=\"700\" height=\"311\" srcset=\"https:\/\/i0.wp.com\/www.urban-architecture.com\/wp-content\/uploads\/2015\/07\/alw_130930_veroeffentlichung_4.jpg?w=2025&amp;ssl=1 2025w, https:\/\/i0.wp.com\/www.urban-architecture.com\/wp-content\/uploads\/2015\/07\/alw_130930_veroeffentlichung_4.jpg?resize=300%2C133&amp;ssl=1 300w, https:\/\/i0.wp.com\/www.urban-architecture.com\/wp-content\/uploads\/2015\/07\/alw_130930_veroeffentlichung_4.jpg?resize=1024%2C455&amp;ssl=1 1024w, https:\/\/i0.wp.com\/www.urban-architecture.com\/wp-content\/uploads\/2015\/07\/alw_130930_veroeffentlichung_4.jpg?w=1400&amp;ssl=1 1400w\" sizes=\"auto, (max-width: 700px) 100vw, 700px\" \/><p id=\"caption-attachment-240\" class=\"wp-caption-text\">Wohnstrasse<\/p><\/div>\n<div id=\"attachment_241\" style=\"width: 1210px\" class=\"wp-caption alignnone\"><img data-recalc-dims=\"1\" loading=\"lazy\" decoding=\"async\" aria-describedby=\"caption-attachment-241\" class=\"wp-image-241 size-full\" src=\"https:\/\/i0.wp.com\/www.urban-architecture.com\/wp-content\/uploads\/2015\/07\/alw_130930_veroeffentlichung_5.jpg?resize=700%2C685&#038;ssl=1\" alt=\"alw_130930_veroeffentlichung_5\" width=\"700\" height=\"685\" srcset=\"https:\/\/i0.wp.com\/www.urban-architecture.com\/wp-content\/uploads\/2015\/07\/alw_130930_veroeffentlichung_5.jpg?w=1200&amp;ssl=1 1200w, https:\/\/i0.wp.com\/www.urban-architecture.com\/wp-content\/uploads\/2015\/07\/alw_130930_veroeffentlichung_5.jpg?resize=300%2C294&amp;ssl=1 300w, https:\/\/i0.wp.com\/www.urban-architecture.com\/wp-content\/uploads\/2015\/07\/alw_130930_veroeffentlichung_5.jpg?resize=1024%2C1003&amp;ssl=1 1024w, https:\/\/i0.wp.com\/www.urban-architecture.com\/wp-content\/uploads\/2015\/07\/alw_130930_veroeffentlichung_5.jpg?resize=50%2C50&amp;ssl=1 50w\" sizes=\"auto, (max-width: 700px) 100vw, 700px\" \/><p id=\"caption-attachment-241\" class=\"wp-caption-text\">Wohntypen<\/p><\/div>\n<p>&nbsp;<\/p>\n<p>Daten:<br \/>\nZeitraum 09\/13<br \/>\nStand Wettbewerb Anerkennung<br \/>\nLPH 1,2<br \/>\nFl\u00e4che 17.400qm<br \/>\nBudget &#8211;<br \/>\nBauherr Stadtbau W\u00fcrzburg Gmbh, W\u00fcrzburg<\/p>\n<h2>in Zusammenarbeit\u00a0 mit Markus Vogl Architektur, Stuttgart und Gr\u00fcne Welle Landschaftsarchitektur, Stuttgart<\/h2>\n","protected":false},"excerpt":{"rendered":"<p>Das &#8216;Wohnschiff&#8217; weicht klar vom st\u00e4dtebaulichen Rahmenplan ab und bietet durch die Setzung r\u00e4umlicher Kanten und unterschiedlicher H\u00f6henniveaus verschiedene Grade von \u00d6ffentlichkeit an. Der \u00f6ffentliche Platz dient den Bewohnerinnen und Bewohnern des Schiffes wie auch des n\u00f6rdlichen Quartiers als Ort des Ankommens auf dem Weg von der Stra\u00dfenbahn nach Hause. Der Platz wird zur einladenden [&hellip;]<\/p>\n","protected":false},"author":1,"featured_media":237,"comment_status":"closed","ping_status":"open","template":"","format":"standard","meta":{"advanced_seo_description":"","jetpack_seo_html_title":"","jetpack_seo_noindex":false,"footnotes":""},"jetpack-portfolio-type":[],"jetpack-portfolio-tag":[11,7],"class_list":["post-174","jetpack-portfolio","type-jetpack-portfolio","status-publish","format-standard","has-post-thumbnail","hentry","jetpack-portfolio-tag-archiv","jetpack-portfolio-tag-wettbewerbe"],"jetpack_sharing_enabled":true,"_links":{"self":[{"href":"https:\/\/www.urban-architecture.com\/index.php?rest_route=\/wp\/v2\/jetpack-portfolio\/174","targetHints":{"allow":["GET"]}}],"collection":[{"href":"https:\/\/www.urban-architecture.com\/index.php?rest_route=\/wp\/v2\/jetpack-portfolio"}],"about":[{"href":"https:\/\/www.urban-architecture.com\/index.php?rest_route=\/wp\/v2\/types\/jetpack-portfolio"}],"author":[{"embeddable":true,"href":"https:\/\/www.urban-architecture.com\/index.php?rest_route=\/wp\/v2\/users\/1"}],"replies":[{"embeddable":true,"href":"https:\/\/www.urban-architecture.com\/index.php?rest_route=%2Fwp%2Fv2%2Fcomments&post=174"}],"version-history":[{"count":1,"href":"https:\/\/www.urban-architecture.com\/index.php?rest_route=\/wp\/v2\/jetpack-portfolio\/174\/revisions"}],"predecessor-version":[{"id":236,"href":"https:\/\/www.urban-architecture.com\/index.php?rest_route=\/wp\/v2\/jetpack-portfolio\/174\/revisions\/236"}],"wp:featuredmedia":[{"embeddable":true,"href":"https:\/\/www.urban-architecture.com\/index.php?rest_route=\/wp\/v2\/media\/237"}],"wp:attachment":[{"href":"https:\/\/www.urban-architecture.com\/index.php?rest_route=%2Fwp%2Fv2%2Fmedia&parent=174"}],"wp:term":[{"taxonomy":"jetpack-portfolio-type","embeddable":true,"href":"https:\/\/www.urban-architecture.com\/index.php?rest_route=%2Fwp%2Fv2%2Fjetpack-portfolio-type&post=174"},{"taxonomy":"jetpack-portfolio-tag","embeddable":true,"href":"https:\/\/www.urban-architecture.com\/index.php?rest_route=%2Fwp%2Fv2%2Fjetpack-portfolio-tag&post=174"}],"curies":[{"name":"wp","href":"https:\/\/api.w.org\/{rel}","templated":true}]}}

Wohnen an der alten Landebahn Würzburg

<div id="attachment_237" style="width: 2035px" class="wp-caption alignnone"><img data-recalc-dims="1" loading="lazy" decoding="async" aria-describedby="caption-attachment-237" class="wp-image-237 size-full" src="https://i0.wp.com/www.urban-architecture.com/wp-content/uploads/2015/07/alw_130930_veroeffentlichung_1.jpg?resize=700%2C311&#038;ssl=1" alt="alw_130930_veroeffentlichung_1" width="700" height="311" srcset="https://i0.wp.com/www.urban-architecture.com/wp-content/uploads/2015/07/alw_130930_veroeffentlichung_1.jpg?w=2025&amp;ssl=1 2025w, https://i0.wp.com/www.urban-architecture.com/wp-content/uploads/2015/07/alw_130930_veroeffentlichung_1.jpg?resize=300%2C133&amp;ssl=1 300w, https://i0.wp.com/www.urban-architecture.com/wp-content/uploads/2015/07/alw_130930_veroeffentlichung_1.jpg?resize=1024%2C455&amp;ssl=1 1024w, https://i0.wp.com/www.urban-architecture.com/wp-content/uploads/2015/07/alw_130930_veroeffentlichung_1.jpg?w=1400&amp;ssl=1 1400w" sizes="auto, (max-width: 700px) 100vw, 700px" /><p id="caption-attachment-237" class="wp-caption-text">Beziehung zum Park</p></div>
<p>Das &#8216;Wohnschiff&#8217; weicht klar vom städtebaulichen Rahmenplan ab und bietet durch die Setzung räumlicher Kanten und unterschiedlicher Höhenniveaus verschiedene Grade von Öffentlichkeit an. Der öffentliche Platz dient den Bewohnerinnen und Bewohnern des Schiffes wie auch des nördlichen Quartiers als Ort des Ankommens auf dem Weg von der Straßenbahn nach Hause. Der Platz wird zur einladenden Adresse des gesamten Quartiers und ermöglicht durch die Programmierung mit Kinderspielplatz, K_indoor-Raum und Gemeinschaftsraum eine vielfältige Nutzung über den Tagesverlauf.</p>
<p>Der Entwurf nutzt die topographische Situation auf dem Hubland nicht nur zur Ausbildung unterschiedlicher Decks mit verschiedenen Öffentlichkeitsgraden. Die Eingangsgeschosse zur Begegnungszone sind nicht als Vollgeschosse ausgebildet, sind aber auch nicht als Kellergeschoss für die Bewohner des Wohnschiffes erlebbar. Auf die ganze Länge des Projektgebietes gesehen bleibt der nördliche Riegel bei einer mittleren Höhe von 13m als Fußbodenoberkante des fünften Geschosses und damit in der Gebäudeklasse IV.</p>
<p>Das neue Wohnschiff nutzt die Lagequalität im Hubland, die Nähe zu den sozialen Einrichtungen für Kinder und Jugendliche, um die „Qualitäten einer urbanen, funktional und sozial gemischten Umgebung“ für ein Leben und Arbeiten in einem städtischen Quartier mit differenzierten Wohnformen zu ermöglichen (Läpple, D.: Das Internet und die Stadt – Virtualisierung städtischer Arbeits- und Lebensverhältnisse? In Siebel, W. (Hg.) (2004): Die europäische Stadt). Der Idee der Wiener Sargfabrik folgend soll das Wohnschiff ein Ort sozialer Inklusion werden, verschiedene Wohn- und Arbeitsformen ermöglichen, aber auch seinen Beitrag zu einem städtischen Leben leisten. Die Gemeinschaftseinrichtungen vom K_indoor-Spielraum über die Gemeinschaftsküche, Anwohnersauna und Fitnessstudio wie auch die Radwerkstatt sollen programmatische Bezüge schaffen und zu einem Identifikationspunkt im Quartier werden.</p>
<p>Da der Freiraumbezug eine essentielle Qualität des Ortes ist, bekommt jede Wohnung ihr „Zimmer im Freien“, ob Loggia, Balkon, Dachterrasse oder einen kleinen Südgarten auf dem Parkdeck. Dieser Garten dient als Ausgleich zum fehlenden direkten Blick auf den Park der Landesgartenschau. Um in den Wohnungsgrößen flexibel reagieren zu können, wird eine Mischung aus Loggien und Balkonen angeboten, die die Stringenz der Südfassade auflockern.</p>
<p>Dimensionen, Spannweiten und der in der Auslobung angedachte Energiestandard legen die Wahl von Holz als nachhaltigem Baustoff nahe. Verschiedene Konstruktionsmöglichkeiten können in einer weiteren Entwurfsbearbeitung spezifisch eingesetzt werden. Die Kompaktheit der Gebäude und das ganze Bauvolumen des Wohnschiffes erlauben es einerseits, eine ökonomische wie ökologische Haustechnik einzusetzen, aber auch höherwertigere und damit nachhaltigere Materialen einzusetzen</p>
<p>Unser Vorschlag wurde von dem Preisgericht mit einer Anerkennung ausgezeichnet.</p>
<div id="attachment_238" style="width: 1809px" class="wp-caption alignnone"><img data-recalc-dims="1" loading="lazy" decoding="async" aria-describedby="caption-attachment-238" class="wp-image-238 size-full" src="https://i0.wp.com/www.urban-architecture.com/wp-content/uploads/2015/07/alw_130930_veroeffentlichung_2.jpg?resize=700%2C350&#038;ssl=1" alt="alw_130930_veroeffentlichung_2" width="700" height="350" srcset="https://i0.wp.com/www.urban-architecture.com/wp-content/uploads/2015/07/alw_130930_veroeffentlichung_2.jpg?w=1799&amp;ssl=1 1799w, https://i0.wp.com/www.urban-architecture.com/wp-content/uploads/2015/07/alw_130930_veroeffentlichung_2.jpg?resize=300%2C150&amp;ssl=1 300w, https://i0.wp.com/www.urban-architecture.com/wp-content/uploads/2015/07/alw_130930_veroeffentlichung_2.jpg?resize=1024%2C512&amp;ssl=1 1024w, https://i0.wp.com/www.urban-architecture.com/wp-content/uploads/2015/07/alw_130930_veroeffentlichung_2.jpg?w=1400&amp;ssl=1 1400w" sizes="auto, (max-width: 700px) 100vw, 700px" /><p id="caption-attachment-238" class="wp-caption-text">Lageplan</p></div>
<div id="attachment_239" style="width: 1210px" class="wp-caption alignnone"><img data-recalc-dims="1" loading="lazy" decoding="async" aria-describedby="caption-attachment-239" class="wp-image-239 size-full" src="https://i0.wp.com/www.urban-architecture.com/wp-content/uploads/2015/07/alw_130930_veroeffentlichung_3.jpg?resize=700%2C525&#038;ssl=1" alt="alw_130930_veroeffentlichung_3" width="700" height="525" srcset="https://i0.wp.com/www.urban-architecture.com/wp-content/uploads/2015/07/alw_130930_veroeffentlichung_3.jpg?w=1200&amp;ssl=1 1200w, https://i0.wp.com/www.urban-architecture.com/wp-content/uploads/2015/07/alw_130930_veroeffentlichung_3.jpg?resize=300%2C225&amp;ssl=1 300w, https://i0.wp.com/www.urban-architecture.com/wp-content/uploads/2015/07/alw_130930_veroeffentlichung_3.jpg?resize=1024%2C768&amp;ssl=1 1024w" sizes="auto, (max-width: 700px) 100vw, 700px" /><p id="caption-attachment-239" class="wp-caption-text">Detail Wohnen</p></div>
<div id="attachment_240" style="width: 2035px" class="wp-caption alignnone"><img data-recalc-dims="1" loading="lazy" decoding="async" aria-describedby="caption-attachment-240" class="wp-image-240 size-full" src="https://i0.wp.com/www.urban-architecture.com/wp-content/uploads/2015/07/alw_130930_veroeffentlichung_4.jpg?resize=700%2C311&#038;ssl=1" alt="alw_130930_veroeffentlichung_4" width="700" height="311" srcset="https://i0.wp.com/www.urban-architecture.com/wp-content/uploads/2015/07/alw_130930_veroeffentlichung_4.jpg?w=2025&amp;ssl=1 2025w, https://i0.wp.com/www.urban-architecture.com/wp-content/uploads/2015/07/alw_130930_veroeffentlichung_4.jpg?resize=300%2C133&amp;ssl=1 300w, https://i0.wp.com/www.urban-architecture.com/wp-content/uploads/2015/07/alw_130930_veroeffentlichung_4.jpg?resize=1024%2C455&amp;ssl=1 1024w, https://i0.wp.com/www.urban-architecture.com/wp-content/uploads/2015/07/alw_130930_veroeffentlichung_4.jpg?w=1400&amp;ssl=1 1400w" sizes="auto, (max-width: 700px) 100vw, 700px" /><p id="caption-attachment-240" class="wp-caption-text">Wohnstrasse</p></div>
<div id="attachment_241" style="width: 1210px" class="wp-caption alignnone"><img data-recalc-dims="1" loading="lazy" decoding="async" aria-describedby="caption-attachment-241" class="wp-image-241 size-full" src="https://i0.wp.com/www.urban-architecture.com/wp-content/uploads/2015/07/alw_130930_veroeffentlichung_5.jpg?resize=700%2C685&#038;ssl=1" alt="alw_130930_veroeffentlichung_5" width="700" height="685" srcset="https://i0.wp.com/www.urban-architecture.com/wp-content/uploads/2015/07/alw_130930_veroeffentlichung_5.jpg?w=1200&amp;ssl=1 1200w, https://i0.wp.com/www.urban-architecture.com/wp-content/uploads/2015/07/alw_130930_veroeffentlichung_5.jpg?resize=300%2C294&amp;ssl=1 300w, https://i0.wp.com/www.urban-architecture.com/wp-content/uploads/2015/07/alw_130930_veroeffentlichung_5.jpg?resize=1024%2C1003&amp;ssl=1 1024w, https://i0.wp.com/www.urban-architecture.com/wp-content/uploads/2015/07/alw_130930_veroeffentlichung_5.jpg?resize=50%2C50&amp;ssl=1 50w" sizes="auto, (max-width: 700px) 100vw, 700px" /><p id="caption-attachment-241" class="wp-caption-text">Wohntypen</p></div>
<p>&nbsp;</p>
<p>Daten:<br />
Zeitraum 09/13<br />
Stand Wettbewerb Anerkennung<br />
LPH 1,2<br />
Fläche 17.400qm<br />
Budget &#8211;<br />
Bauherr Stadtbau Würzburg Gmbh, Würzburg</p>
<h2>in Zusammenarbeit  mit Markus Vogl Architektur, Stuttgart und Grüne Welle Landschaftsarchitektur, Stuttgart</h2>

<p>Das &#8216;Wohnschiff&#8217; weicht klar vom städtebaulichen Rahmenplan ab und bietet durch die Setzung räumlicher Kanten und unterschiedlicher Höhenniveaus verschiedene Grade von Öffentlichkeit an. Der öffentliche Platz dient den Bewohnerinnen und Bewohnern des Schiffes wie auch des nördlichen Quartiers als Ort des Ankommens auf dem Weg von der Straßenbahn nach Hause. Der Platz wird zur einladenden [&hellip;]</p>
